(10 - 19) - -47)?
-37
What is the value of -17 - -4 - 2 - (11 + -17 + 10)?
-19
Evaluate 0 + 1 + (8 - (7 - 5)).
7
What is the value of 0 + 1 + 27 + 25 + -32?
21
What is (-10 - -1 - -1) + (16 - 10 - 8)?
-10
Evaluate -11 + 0 + -6 - -27.
10
What is the value of 67 + -74 - (22 - -7)?
-36
Evaluate 1 - -15 - (-94 - -104).
6
Calculate 238 + -248 - (-2 + -3).
-5
Evaluate -14 + 9 - (2 + -6 + -1).
0
What is -402 - -425 - (0 - -26)?
-3
Evaluate (-10 - (-7 + 5)) + 1 + 18.
11
Calculate -12 + 4 + 15 - 7.
0
0 + (-13 - 2) - (586 - 603)
2
What is the value of 1 + -1 + 4 + (-18 - -2 - -9)?
-3
-15 + -1 + 1 + 19
4
What is the value of 9 + (17 - (-8 - -9)) + -63?
-38
Evaluate 16 + (-5 - (-4 + (-7 - -2))) + 0.
20
What is the value of (6 - (1 - -4)) + 6 - 17?
-10
What is the value of (-22 - -8) + 24 + -10?
0
2 + -2 + -12 - (-144 + 139)
-7
Calculate (43 - 48) + 0 + 2 + -1 + 0.
-4
-3 + 10 - 1 - (2 - 2 - 3)
9
21 - (-12 - -14) - 15
4
What is the value of 1 - (-8 + 24 + -11)?
-4
Evaluate -5 - (5 - (17 - -3 - 0)).
10
Evaluate (17 - 18 - 31) + 57.
25
What is -1 + (6 - 12) - (-3 + -2)?
-2
Calculate (-16 - 1) + 202 + -223 + 0 + 23.
-15
-6 + 13 + -11 + 0 - 18
-22
What is the value of (6 - 1) + (10 - 10)?
5
What is the value of (3 + -3 - 35) + -1?
-36
Evaluate 9 + (0 - (11 + -7 + -1)).
6
Calculate 6 + -57 + (196 - 164).
-19
(2 - (7 + -3)) + -2 - -2
-2
(-4 - (-28 + (0 - -6)) - 7) + 4
15
Evaluate (15 - (23 + -4)) + (-5 - 1).
-10
What is 17 - ((-13 - -14) + 17)?
-1
25 - -4 - (26 - 13)
16
-7 + 8 + -1 + (14 + -25 - -28)
17
Calculate -23 + (0 - (1 + -4)) - (117 - 125).
-12
Evaluate -53 + 51 + (-7 - 3) + -6 + 3.
-15
What is the value of -4 + 8 + -12 - (6 + 2)?
-16
What is 17 + -25 + -9 + 1 + 8?
-8
What is 0 - (-6 + 4 - -6) - (-5 + 11)?
-10
Evaluate 0 + -12 + 12 + 0 - 7.
-7
3 + -23 - -6 - (-29 - 9)
24
What is -5 - (9 - (20 + -23 - (0 - 4)))?
-13
Evaluate -4 - ((-4 - (0 - (4 - 8))) + 4).
0
What is the value of (0 - -3 - 10) + -6?
-13
What is -4 + (20 - 17) + -9?
-10
Calculate 5 + (13 + -26 - -12) + -8.
-4
Evaluate 11 + -2 - (6 + -20 + 7 + 7).
9
Evaluate 3 - (0 + -7 + 8 + 1).
1
What is (1 + 7 - (128 + -123)) + -1 + -2?
0
What is the value of 6 - (7 - 1 - 0 - -7)?
-7
Evaluate 2 + 12 - (-86 + 90).
10
What is -5 - -1 - ((1 - 5 - 5) + -10)?
15
What is the value of 0 - 14 - (12 - 10)?
-16
(3 - (-16 - -22)) + -11
-14
What is (0 - (1 + -2)) + 135 + -139 + 0?
-3
Evaluate -13 + (7 + -6 + 6 - 9).
-15
What is (-25 - -20) + 2 + -8?
-11
What is (1100 - 1074) + 0 + -35?
-9
Calculate -3 + -1 - (749 - 743).
-10
Calculate 3 - -16 - (-7 - (-2 - 14)).
10
What is -1 + (-1 - (3 - 9)) - (14 + -12)?
2
What is 3 - (-8 + 1) - (8 + 36 + -38)?
4
Calculate 13 + 37 + -17 + -33 - 3.
-3
Evaluate (-11 - -6) + 10 + (3 + 0 - 36).
-28
Calculate 7 + -1 + 180 + -193.
-7
Calculate 20 + -1 + -19 - -3.
3
Evaluate (-1 - 28) + 11 - -36.
18
Calculate -31 + (-15 - -45) - -16.
15
What is -365 + 360 + 15 + 2?
12
Calculate 13 + 8 + -47 + 5 + -7 + 9.
-19
Evaluate 5 - -4 - (-23 - -28).
4
Evaluate (-3 - (0 - 4 - -3)) + (-3 - 4).
-9
What is the value of (5 - 8) + -14 + 12 - (2 - 13)?
6
-1 + 5 + (9 - (12 + -7 + 3))
5
What is -3 - (11 - (-12 + 22 - 6) - 39)?
29
Calculate 2 + (-1 - (12 + 0)).
-11
Calculate -818 - -813 - (-1 - -8).
-12
Evaluate 5 + 0 - -13 - 27.
-9
What is -1 + -11 - (-32 + (-25 - -56))?
-11
What is 13 + (1 - -4 - 34)?
-16
13 + -26 + 4 + 19 + 4
14
Evaluate -6 + (-2 - -20) - 15.
-3
Calculate -4 + 15 - (23 + (-43 - -25)).
6
What is (-9 - (-4 - (-4 - -1))) + (42 - 68)?
-34
Calculate -11 + (15 - 28 - -20) + (-1 - 6).
-11
What is 6 - 1 - (13 + (13 - 26) - -12)?
-7
Calculate -120 + 154 + (-1 - 8).
25
Evaluate 260 - 259 - (1 - -9).
-9
Calculate -7 + (-6 - -14) + -1 - -9.
9
What is 22 - (-36 - -40) - -5?
23
50 - 33 - (4 + 26)
-13
What is (-5 - -4) + (-16 - -2) + (-7 - -2)?
-20
What is -1 + -6 - (54 + -36 + -4)?
-21
-9 + 10 + -22 + 16 + -1
-6
Evaluate -12 + 1 - (-2 - (4 + -7 + 3)).
-9
Calculate 9 + (-7 - -8) + (-11 + 10 - -9).
18
What is 7 + (7 - -5 - (30 - (10 - 12)))?
-13
Evaluate 18 - 7 - 16 - -16 - -2.
13
What is the value of (1 - -3 - -1) + -32 + 22 + -3?
-8
13 + 3 + -22 + 18
12
15 + (-17 - (-30 - -19))
9
What is (4 - 1 - (-1 + -1)) + -1359 + 1357?
3
Calculate 20 + (21 - (11 + 18)).
12
Calculate (-10 - -15 - (10 + -19)) + 10.
24
Evaluate 8 + 4 + -1 + 4 + -2 - 2.
11
What is the value of (-54 - -34) + (2 - 3 - -11) - -12?
2
Evaluate (1 - (-2 + 6)) + -145 + 138.
-10
Evaluate (11 - (-5 + -12 + 14)) + 9.
23
What is the value of -20 - (-29 + (4 - -6))?
-1
What is the value of (-5 - (-2 + (2 - -2 - 3))) + 4?
0
Calculate 4 + (0 - 4 - (52 + -56)) - 34.
-30
Calculate (6 - 4 - (-2 + 2)) + -12.
-10
Calculate (15 - 21) + 1 + 3.
-2
What is the value of 33 + -20 - (0 + 4 - -4)?
5
What is -36 + 33 - (0 - (-1 - (-2 + 2)))?
-4
Calculate -22 + (63 - 24) + -33.
-16
(6 - 0) + 170 + -182 - -3
-3
Evaluate -5 - 4 - (-6 + (1 - 4 - -13)).
-13
Evaluate 10 + -9 + 4 + -2 + -1.
2
What is 6 - ((2 - 8) + -24 + 40) - -6?
2
1 - 3 - (-7 - 0 - (-23 + 16))
-2
-8 + 14 + -4 + (2 + 2 - -17)
23
Evaluate 10 - ((9 - 1) + (0 - (-4 - -8))).
6
Calculate (2 + -1 - -14) + 7 + -18 + 7.
11
What is 3 - (9 + (-9 - 0) + 4)?
-1
Evaluate -34 - -22 - -11 - (1 + -11).
9
What is 22 - ((27 - 14) + -2)?
11
Evaluate (-3 - -16) + 18 + (-25 - -2).
8
What is 21 - (43 - (35 - 11))?
2
What is the value of -14 - (-11 - (-1 + -10))?
-14
-14 - ((-1 - -4) + 2 + 12 + -21)
-10
Calculate 8 + -13 + -14 + 21.
2
What is 36 - 53 - (14 - (6 + -1))?
-26
What is 1 - (-3 + 3 + -1 + -12 + 2)?
12
Evaluate -4 - 17 - -18 - 13.
-16
3 + 3 + (-5 - 3) + -1
-3
Evaluate (-1 - 1 - (-38 + 31)) + -11 - -15.
9
What is the value of 367 - 349 - (1 + 1)?
16
Calculate 88 + -89 - (1 + -1 + 1).
-2
Evaluate -4 - (-1 + 1 - (-3 - 2)) - 15.
-24
-1 + -2 + -19 + 7 + 16 + 0
1
Evaluate 102 + -86 - ((3 - 3) + -7).
23
What is the value of -34 + 37 + 11 + (-1 - 5) + 3?
11
Evaluate 9 - 10 - (7 + -3 + -12).
7
Evaluate (1 - (1 + -33)) + (41 + -62 - -13).
25
Evaluate (-1 - 1) + (-353 - -377).
22
What is 3 + 0 + (-78 - -51) - -8?
-16
What is the value of 14 + (-17 - 4) - 2?
-9
What is the value of 17 + (85 - 89 - (5 + -1))?
9
What is -4 - -1 - (203 - 192) - (0 - -1)?
-15
What is (5 - 4 - 15) + -12 + 8?
-18
What is the value of (26 - 22) + (-1 - 6) - -1?
-2
Calculate (-10 - 0 - (-18 + 12)) + 2 - -4.
2
What is -5 + -7 + 0 + 15 + 1?
4
Calculate 29 + -31 + 3 + 5 + -13 - 7.
-14
Calculate 24 - 24 - (-6 - (-3 - -2)).
5
What is the value of -28 + (9 - 18) + 28?
-9
-3 + -6 + 8 + (-5 - -7) + 11
12
What is (8 - (-36 + 11)) + -35?
-2
-5 - ((8 + 0 + -9 - -9) + -31)
18
Evaluate -5 - (-14 - (6 + -22)).
-7
3 + -5 + -4 - -9 - 0 - 11
-8
Calculate (-71 - -89) + -19 + -1.
-2
What is 0 - -13 - (6 + 12)?
-5
What is the value of 62 + -54 + 8 + (10 - -1)?
27
What is -10 + -8 - -23 - (3 - 2 - -1)?
3
-8 + 8 + -8 - 1
-9
Calculate -7 + 25 + -7 + -10 - -12.
13
What is the value of (14 - (22 + -16)) + 13?
21
4 - (5 - 7 - (-4 + 4 + -13))
-7
Evaluate -31 + 31 - 5 - (2 + 2 + -2).
-7
What is 18 - (42 - 21) - -12?
9
What is the value of -20 - -18 - (-11 - (11 - 0))?
20
What is the value of -18 + 13 + 13 + (2 - 3)?
7
-49 + 13 + (4 - -68)
36
Calculate -45 - (5 - 12 - 4 - (1 - 5)).
-38
1 + (-17 - -12) - -21
17
Calculate (1 - -2) + 3 + (-3 - (-21 + 1)).
23
What is the value of (19 - 14 - -19) + -12 + 4?
16
Calculate 26 - (44 - 28) - -12.
22
What is the value of 23 + (1 + 2 - (-51 - -47)) + -1?
29
What is (0 - 12) + -70 + 71?
-11
0 + 2 + (4 - (-8 + 14)) - 11
-11
Calculate -3 + -19 + (9 - (1 - -9)).
-23
What is the value of 1 - 0 - ((-4 - -2) + (12 - 11))?
2
Evaluate (-145 - -153) + (1 + -7 - -1) + 1.
4
What is the value of (15 - (30 - 1)) + 14?
0
Calculate 2 + (-5 - -11) + (6 - (0 + 10)).
4
Evaluate (4 - -1) + -2 - -8 - (-12 - -13).
10
What is the value of 8 - (27 + 17 + -13)?
-23
Evaluate 8 - 18 - -13 - (3 - 11).
11
What is -4 + 4 + 2 + 14 + -10?
6
What is the value of (-12 - -4) + (6 - 2) + (9 - -2)?
7
12 + (-25 - -24) + -26
-15
Calculate -2 - (25 - (19 + 7)).
-1
Calculate -5 + (-20 - (-23 + -15)).
13
Evaluate (-2 - 2) + 7 - (-19 + 28).
-6
Calculate -2 + 1 + 23 + (-24 - 4).
-6
-2 + 8 - -1 - (-442 + 439)
10
Calculate -12 - (15 + -70 + 23).
20
What is the value of 0 + 0 + 12 + (-29 - (-62 + 26))?
19
Evaluate -1 + (-31 - -13) + (4 - -4) + -2.
-13
(1 - 16) + -73 + 100
12
Calculat